Is 13269223389 a composite number?
True
Is 280738039 a composite number?
False
Is 415359533 prime?
True
Is 8353458991 composite?
False
Is 201608863 a composite number?
True
Is 1253020669 a prime number?
True
Is 4288549001 a prime number?
False
Is 25743405923 prime?
True
Is 3820249759 a prime number?
True
Is 5310613787 a composite number?
True
Is 62921040389 a prime number?
True
Is 9429398609 a prime number?
True
Is 13478809921 a prime number?
False
Is 8938222973 prime?
True
Is 1520126177 a composite number?
False
Is 18846290027 a prime number?
True
Is 1298623609 a composite number?
True
Is 12511693501 composite?
False
Is 1367959259 prime?
True
Is 353416423 a prime number?
False
Is 13286767913 a composite number?
False
Is 103120254343 prime?
True
Is 1729800967 prime?
True
Is 9197798879 composite?
False
Is 6650331001 a prime number?
True
Is 338018677 a prime number?
True
Is 32017949021 prime?
True
Is 313514891 a prime number?
True
Is 29455963217 composite?
False
Is 853262311 a prime number?
False
Is 10180378639 composite?
False
Is 162088247 prime?
True
Is 18873540251 prime?
True
Is 2448027083 composite?
True
Is 3674479937 prime?
False
Is 4941477361 a composite number?
False
Is 38721678797 composite?
True
Is 63772517 a composite number?
False
Is 3040407089 composite?
False
Is 2873603561 a composite number?
False
Is 6788850851 composite?
False
Is 3342708349 a composite number?
False
Is 10900214813 a prime number?
False
Is 261047651 a prime number?
True
Is 7054179479 prime?
True
Is 1289945513 composite?
False
Is 8221863959 composite?
False
Is 68933547953 a prime number?
True
Is 2806249541 a prime number?
False
Is 5706114971 a composite number?
True
Is 49819235327 a composite number?
True
Is 9515203 a prime number?
False
Is 509901419 a composite number?
False
Is 2927912147 a composite number?
True
Is 5007558707 a prime number?
True
Is 7160823298 composite?
True
Is 137172151 a prime number?
True
Is 94365684079 a prime number?
False
Is 586979681 composite?
True
Is 23410954943 prime?
False
Is 82181633 prime?
True
Is 9812568217 a composite number?
True
Is 2173784843 composite?
False
Is 8595009653 a composite number?
False
Is 49620436117 composite?
True
Is 328090991 prime?
False
Is 612451277 prime?
False
Is 683784691 a prime number?
False
Is 20918483723 a prime number?
False
Is 3230501086 composite?
True
Is 70955843197 composite?
True
Is 616591307 a composite number?
False
Is 14672882941 a prime number?
False
Is 51918767 a prime number?
True
Is 3360001083 prime?
False
Is 10015785431 prime?
True
Is 2828492357 composite?
True
Is 1227585791 a prime number?
True
Is 261170807 a composite number?
True
Is 9298700863 composite?
False
Is 329173441 composite?
True
Is 7865396431 prime?
True
Is 3291253387 prime?
False
Is 2454502007 prime?
False
Is 65412728915 prime?
False
Is 722441341 composite?
False
Is 346516769 prime?
True
Is 6659637781 composite?
True
Is 414950897 a composite number?
True
Is 74774989 a prime number?
True
Is 85425261 a composite number?
True
Is 848116463 a composite number?
True
Is 121545721 composite?
True
Is 798545731 a composite number?
True
Is 22642173131 a prime number?
False
Is 15271119881 a prime number?
True
Is 7012667321 a prime number?
False
Is 1135462127 composite?
False
Is 8033272303 a prime number?
False
Is 9710945917 composite?
False
Is 384000941 prime?
True
Is 4527130994 a prime number?
False
Is 2042440861 a composite number?
True
Is 4008497899 a prime number?
False
Is 296518489 prime?
True
Is 1672128271 a prime number?
False
Is 15996424429 a prime number?
False
Is 45752866309 a prime number?
False
Is 2616394307 composite?
False
Is 275458927 a composite number?
False
Is 1796047021 prime?
True
Is 4410738523 composite?
True
Is 2519986243 composite?
True
Is 23486395 composite?
True
Is 445386667 prime?
False
Is 36579741529 a prime number?
False
Is 6909794873 prime?
False
Is 92340234131 prime?
True
Is 422659049 a prime number?
False
Is 9790658321 a composite number?
False
Is 145386433 a composite number?
True
Is 181412191 a prime number?
False
Is 20621007921 prime?
False
Is 207039377 prime?
False
Is 15202501913 a prime number?
False
Is 17925243143 a prime number?
True
Is 90150280201 composite?
False
Is 1505628602 composite?
True
Is 1718878507 composite?
False
Is 42854113451 a prime number?
False
Is 352074691 a prime number?
False
Is 12438681965 composite?
True
Is 2259430249 a composite number?
False
Is 2154456581 a composite number?
True
Is 6539233543 composite?
False
Is 495632693 a composite number?
True
Is 41414169347 prime?
True
Is 437330213 prime?
False
Is 53544766559 composite?
False
Is 10767924589 composite?
False
Is 7964263511 a prime number?
True
Is 29081238779 a prime number?
True
Is 126182745617 a prime number?
True
Is 12603441023 prime?
True
Is 9243213299 a prime number?
True
Is 1165383277 composite?
True
Is 2828986397 a prime number?
True
Is 229861997 a prime number?
True
Is 36681203917 prime?
False
Is 12808717301 prime?
True
Is 1841792279 a composite number?
True
Is 11451516623 a prime number?
True
Is 1035583721 a composite number?
False
Is 62190008353 composite?
True
Is 33876452699 composite?
True
Is 46904622643 a composite number?
True
Is 9983427197 a composite number?
False
Is 5076480419 a composite number?
True
Is 21208062679 prime?
True
Is 1695883463 prime?
True
Is 11635111291 composite?
True
Is 5950665709 a prime number?
True
Is 77078311 composite?
False
Is 21698536407 a composite number?
True
Is 3152157277 prime?
False
Is 120268354933 a prime number?
True
Is 118751296913 prime?
False
Is 3200024731 prime?
True
Is 62823737 prime?
True
Is 13220498723 a composite number?
True
Is 1110379253 a prime number?
True
Is 147837527 prime?
True
Is 3997290883 a prime number?
False
Is 4144134701 a composite number?
True
Is 69270180841 a composite number?
False
Is 1706927 prime?
True
Is 3211413031 a prime number?
False
Is 3901255339 prime?
False
Is 5163738127 a composite number?
False
Is 378525437 composite?
True
Is 2381967829 a composite number?
True
Is 900754091 a prime number?
False
Is 877172317 prime?
False
Is 1803806939 prime?
False
Is 40498391641 a prime number?
False
Is 1619944685 a composite number?
True
Is 6368547233 prime?
False
Is 156671559193 composite?
False
Is 1979620619 composite?
True
Is 4254533665 composite?
True
Is 1628925731 a prime number?
True
Is 12900394927 composite?
True
Is 12119753431 prime?
True
Is 101551506131 prime?
False
Is 4331684821 prime?
True
Is 168204007 a composite number?
True
Is 367229462 a prime number?
False
Is 19814785321 a prime number?
False
Is 2397333251 a composite number?
True
Is 7846309067 a composite number?
False
Is 6134204693 a composite number?
False
Is 17430461673 a prime number?
False
Is 1571806799 composite?
False
Is 15295688347 a composite number?
False
Is 16349883733 prime?
False
Is 5136361117 prime?
True
Is 35359160401 prime?
False
Is 2231523601 composite?
True
Is 871513961 composite?
False
Is 77859288311 a prime number?
False
Is 98319476545 a composite number?
True
Is 232546597 a composite number?
True
Is 1596787681 prime?
False
Is 1511651657 a prime number?
True
Is 400934945 a composite number?
True
Is 16113173039 prime?
False
Is 34256172091 prime?
False
Is 117136727 a composite number?
True
Is 3870717689 a composite number?
False
Is 249925397 prime?
True
Is 1615745903 composite?
True
Is 184578133 a prime number?
False
Is 21877019 prime?
True
Is 2890743 a composite number?
True
Is 32962990393 a prime number?
True
Is 3736414147 a prime number?
False
Is 5117219057 prime?
False
Is 945789263 prime?
True
Is 6696828503 a prime number?
False
Is 74755308959 composite?
True
Is 218183963 composite?
False
Is 55145614331 a composite number?
False
Is 2403274189 prime?
False
Is 285557801 composite?
False
Is 237452274011 prime?
True
Is 683411735 a prime number?
False
Is 6996108551 composite?
True
Is 2076212647 a composite number?
False
Is 62417777 composite?
False
Is 317300879927 composite?
True
Is 420931177 a prime number?
True
Is 26453917471 a composite number?
True
Is 15745905239 a prime number?
False
Is 10909435981 a prime number?
True
Is 4837400957 a composite number?
False
Is 29190184021 a prime number?
True
Is 22834007831 prime?
False
Is 14842429409 a prime number?
False
Is 11265